{"id":2711,"date":"2024-08-21T10:57:12","date_gmt":"2024-08-21T10:57:12","guid":{"rendered":"https:\/\/kerouzere.fr\/european-heritage-days\/"},"modified":"2026-08-30T16:20:11","modified_gmt":"2026-08-30T16:20:11","slug":"european-heritage-days","status":"publish","type":"page","link":"https:\/\/kerouzere.fr\/en\/european-heritage-days\/","title":{"rendered":"European Heritage Days"},"content":{"rendered":"<p>[et_pb_section fb_built=&#8221;1&#8243; admin_label=&#8221;Hero&#8221; _builder_version=&#8221;4.25.1&#8243; _module_preset=&#8221;74c69059-8e69-4122-b1e6-dfeabf6c5711&#8243; background_color=&#8221;RGBA(255,255,255,0)&#8221; background_enable_image=&#8221;off&#8221; custom_margin=&#8221;||23px|||&#8221; custom_padding=&#8221;30px||0px||false|false&#8221; bottom_divider_height=&#8221;7vw&#8221; bottom_divider_flip=&#8221;horizontal&#8221; locked=&#8221;off&#8221; collapsed=&#8221;on&#8221; global_colors_info=&#8221;{}&#8221;][et_pb_row _builder_version=&#8221;4.25.1&#8243; _module_preset=&#8221;5138c454-be54-4233-bd3b-f8e6a8747976&#8243; custom_padding=&#8221;2px||0px|||&#8221; custom_css_main_element=&#8221;text-align:center;&#8221; locked=&#8221;off&#8221; global_colors_info=&#8221;{}&#8221;][et_pb_column type=&#8221;4_4&#8243; _builder_version=&#8221;4.16&#8243; _module_preset=&#8221;73121f80-a3ef-4484-8763-c3f18e3c56d2&#8243; global_colors_info=&#8221;{}&#8221;][et_pb_text _builder_version=&#8221;4.27.6&#8243; _module_preset=&#8221;default&#8221; header_text_align=&#8221;center&#8221; header_text_color=&#8221;#0F404C&#8221; global_colors_info=&#8221;{}&#8221;]<\/p>\n<h1>2026 European Heritage Days<\/h1>\n<p>[\/et_pb_text][\/et_pb_column][\/et_pb_row][et_pb_row _builder_version=&#8221;4.25.1&#8243; _module_preset=&#8221;5138c454-be54-4233-bd3b-f8e6a8747976&#8243; custom_padding=&#8221;2px||0px|||&#8221; custom_css_main_element=&#8221;text-align:center;&#8221; locked=&#8221;off&#8221; global_colors_info=&#8221;{}&#8221;][et_pb_column type=&#8221;4_4&#8243; _builder_version=&#8221;4.16&#8243; _module_preset=&#8221;73121f80-a3ef-4484-8763-c3f18e3c56d2&#8243; global_colors_info=&#8221;{}&#8221;][et_pb_text _builder_version=&#8221;4.25.1&#8243; _module_preset=&#8221;default&#8221; text_font_size=&#8221;15px&#8221; header_text_align=&#8221;center&#8221; header_text_color=&#8221;#0F404C&#8221; header_font_size=&#8221;36px&#8221; header_2_font=&#8221;||on||||||&#8221; header_2_text_align=&#8221;center&#8221; header_2_font_size=&#8221;33px&#8221; min_height=&#8221;40px&#8221; global_colors_info=&#8221;{}&#8221;]<\/p>\n<h2>THE annual heritage event in Europe<\/h2>\n<p>[\/et_pb_text][\/et_pb_column][\/et_pb_row][et_pb_row _builder_version=&#8221;4.25.1&#8243; _module_preset=&#8221;5138c454-be54-4233-bd3b-f8e6a8747976&#8243; custom_padding=&#8221;2px||0px|||&#8221; custom_css_main_element=&#8221;text-align:center;&#8221; locked=&#8221;off&#8221; global_colors_info=&#8221;{}&#8221;][et_pb_column type=&#8221;4_4&#8243; _builder_version=&#8221;4.16&#8243; _module_preset=&#8221;73121f80-a3ef-4484-8763-c3f18e3c56d2&#8243; global_colors_info=&#8221;{}&#8221;][et_pb_text _builder_version=&#8221;4.27.6&#8243; _module_preset=&#8221;default&#8221; text_font_size=&#8221;21px&#8221; header_text_align=&#8221;center&#8221; header_text_color=&#8221;#0F404C&#8221; header_font_size=&#8221;36px&#8221; header_2_font=&#8221;||on||||||&#8221; header_2_text_align=&#8221;center&#8221; header_2_font_size=&#8221;33px&#8221; header_3_font_size=&#8221;18px&#8221; min_height=&#8221;40px&#8221; global_colors_info=&#8221;{}&#8221;]<\/p>\n<p style=\"text-align: center;\"><strong>Saturday 19 and Sunday 20 september 2026<\/strong><\/p>\n<p>[\/et_pb_text][\/et_pb_column][\/et_pb_row][\/et_pb_section][et_pb_section fb_built=&#8221;1&#8243; admin_label=&#8221;Text&#8221; module_id=&#8221;opening hours&#8221; _builder_version=&#8221;4.25.1&#8243; _module_preset=&#8221;default&#8221; custom_padding=&#8221;29px|||||&#8221; locked=&#8221;off&#8221; collapsed=&#8221;on&#8221; global_colors_info=&#8221;{}&#8221;][et_pb_row column_structure=&#8221;1_2,1_2&#8243; use_custom_gutter=&#8221;on&#8221; make_equal=&#8221;on&#8221; _builder_version=&#8221;4.25.1&#8243; _module_preset=&#8221;5138c454-be54-4233-bd3b-f8e6a8747976&#8243; custom_margin=&#8221;||10px||false|false&#8221; custom_padding=&#8221;0px|||||&#8221; global_colors_info=&#8221;{}&#8221;][et_pb_column type=&#8221;1_2&#8243; _builder_version=&#8221;4.25.1&#8243; _module_preset=&#8221;73121f80-a3ef-4484-8763-c3f18e3c56d2&#8243; custom_padding=&#8221;||||true|true&#8221; global_colors_info=&#8221;{}&#8221;][et_pb_blurb title=&#8221;What is it?&#8221; content_max_width=&#8221;100%&#8221; _builder_version=&#8221;4.27.6&#8243; _module_preset=&#8221;default&#8221; header_level=&#8221;h2&#8243; header_font_size=&#8221;28px&#8221; custom_margin=&#8221;||-2px|||&#8221; custom_padding=&#8221;30px|20px|30px|20px|true|true&#8221; hover_enabled=&#8221;0&#8243; custom_css_blurb_title=&#8221;margin-bottom:20px&#8221; box_shadow_style=&#8221;preset1&#8243; box_shadow_color=&#8221;rgba(0,0,0,0.17)&#8221; global_colors_info=&#8221;{}&#8221; sticky_enabled=&#8221;0&#8243;]<\/p>\n<p><em>As it does every year, the Ch\u00e2teau de Kerouz\u00e9r\u00e9 is participating in the European Heritage Days on the weekend of September 19\u201320, 2026, by offering continuous guided tours.<\/em><\/p>\n<p><span style=\"text-decoration: underline;\"><\/span><\/p>\n<p><span style=\"text-decoration: underline;\">On the agenda for the 2026 Heritage Days:<\/span><\/p>\n<p>\ud83d\udde3\ufe0fOngoing <b>tour commentary<\/b> provided by the current owners of the Ch\u00e2teau de Kerouz\u00e9r\u00e9.<\/p>\n<p>\ud83d\udc49The admission ticket grants access to the <strong>park<\/strong>, the <strong>ch\u00e2teau<\/strong>, and the <strong>temporary exhibition<\/strong> &#8220;Pablo Picasso: Intersecting Destinies.&#8221;<\/p>\n<p>\ud83d\udd13<b>Private rooms <\/b>will be <strong>exceptionally open <\/strong>over the weekend, allowing you to better envision what ch\u00e2teau life at Kerouz\u00e9r\u00e9 is like today\u2014including the <strong>private drawing room<\/strong>, open for only the <strong>second time<\/strong> in the ch\u00e2teau&#8217;s history.<\/p>\n<p>\ud83d\udcb6As the Ch\u00e2teau de Kerouz\u00e9r\u00e9 is a privately owned monument whose maintenance has been funded solely by its own revenue for the past three years, we will continue to charge an <strong>admission fee<\/strong> during Heritage Days, as we do every year (see the &#8220;Rates&#8221; section below).<\/p>\n<p>&nbsp;<\/p>\n<p>[\/et_pb_blurb][\/et_pb_column][et_pb_column type=&#8221;1_2&#8243; _builder_version=&#8221;4.25.1&#8243; _module_preset=&#8221;73121f80-a3ef-4484-8763-c3f18e3c56d2&#8243; background_enable_image=&#8221;off&#8221; custom_padding=&#8221;||||true|true&#8221; global_colors_info=&#8221;{}&#8221;][et_pb_image src=&#8221;https:\/\/kerouzere.fr\/wp-content\/uploads\/2026\/08\/JEP_affiche-_A4-scaled.jpg&#8221; alt=&#8221;Affiche-JEP-2026&#8243; title_text=&#8221;JEP-Affiche-A4&#8243; _builder_version=&#8221;4.27.6&#8243; _module_preset=&#8221;default&#8221; global_colors_info=&#8221;{}&#8221;][\/et_pb_image][\/et_pb_column][\/et_pb_row][et_pb_row column_structure=&#8221;1_2,1_2&#8243; use_custom_gutter=&#8221;on&#8221; _builder_version=&#8221;4.25.1&#8243; _module_preset=&#8221;5138c454-be54-4233-bd3b-f8e6a8747976&#8243; custom_padding=&#8221;0px||0px|||&#8221; global_colors_info=&#8221;{}&#8221;][et_pb_column type=&#8221;1_2&#8243; _builder_version=&#8221;4.25.1&#8243; _module_preset=&#8221;73121f80-a3ef-4484-8763-c3f18e3c56d2&#8243; custom_padding=&#8221;||||true|true&#8221; global_colors_info=&#8221;{}&#8221;][et_pb_image src=&#8221;https:\/\/kerouzere.fr\/wp-content\/uploads\/2024\/05\/trait-dore-4x.png&#8221; alt=&#8221;dore line-4x&#8221; title_text=&#8221;dore line-4x&#8221; _builder_version=&#8221;4.25.1&#8243; _module_preset=&#8221;c111bde7-f442-4e9f-b749-6d33d4a161aa&#8221; global_colors_info=&#8221;{}&#8221;][\/et_pb_image][et_pb_blurb title=&#8221;Visiting hours&#8221; content_max_width=&#8221;100%&#8221; _builder_version=&#8221;4.27.6&#8243; _module_preset=&#8221;default&#8221; header_level=&#8221;h1&#8243; custom_margin=&#8221;40px||40px||false|false&#8221; custom_padding=&#8221;30px|20px|30px|20px|true|true&#8221; custom_css_blurb_title=&#8221;margin-bottom:20px&#8221; box_shadow_style=&#8221;preset1&#8243; box_shadow_color=&#8221;rgba(0,0,0,0.17)&#8221; global_colors_info=&#8221;{}&#8221;]<\/p>\n<ul>\n<li><strong>Saturday 19 September<\/strong>\n<ul>\n<li>from 10:30 a.m. to 12:30 p.m. and from 2 p.m. to 5 p.m.<strong><\/strong><\/li>\n<\/ul>\n<\/li>\n<li><strong>Sunday 20 September<\/strong>\n<ul>\n<li>from 10:30 a.m. to 12:30 p.m. and from 2 p.m. to 6 p.m.<\/li>\n<\/ul>\n<\/li>\n<\/ul>\n<p>[\/et_pb_blurb][\/et_pb_column][et_pb_column type=&#8221;1_2&#8243; _builder_version=&#8221;4.25.1&#8243; _module_preset=&#8221;73121f80-a3ef-4484-8763-c3f18e3c56d2&#8243; custom_padding=&#8221;||||true|true&#8221; global_colors_info=&#8221;{}&#8221;][et_pb_image src=&#8221;https:\/\/kerouzere.fr\/wp-content\/uploads\/2024\/05\/trait-dore-4x.png&#8221; alt=&#8221;dore line-4x&#8221; title_text=&#8221;dore line-4x&#8221; _builder_version=&#8221;4.25.1&#8243; _module_preset=&#8221;c111bde7-f442-4e9f-b749-6d33d4a161aa&#8221; global_colors_info=&#8221;{}&#8221;][\/et_pb_image][et_pb_blurb title=&#8221;Pricing&#8221; content_max_width=&#8221;100%&#8221; _builder_version=&#8221;4.27.6&#8243; _module_preset=&#8221;default&#8221; header_level=&#8221;h1&#8243; header_text_align=&#8221;left&#8221; body_text_align=&#8221;left&#8221; width_tablet=&#8221;&#8221; width_phone=&#8221;&#8221; width_last_edited=&#8221;on|desktop&#8221; module_alignment=&#8221;left&#8221; min_height=&#8221;196.8px&#8221; custom_margin=&#8221;40px||40px||false|false&#8221; custom_padding=&#8221;30px|20px|30px|20px|true|true&#8221; custom_css_blurb_title=&#8221;margin-bottom:20px&#8221; box_shadow_style=&#8221;preset1&#8243; box_shadow_color=&#8221;rgba(0,0,0,0.17)&#8221; global_colors_info=&#8221;{}&#8221;]<\/p>\n<ul>\n<li><span style=\"font-size: 16px;\">Ages 16 and + : 10\u20ac <\/span><\/li>\n<li>7 &#8211; 15 years old : 8\u20ac<\/li>\n<li>4 &#8211; 6 years old : 5\u20ac<\/li>\n<li>Disabled : 5\u20ac<\/li>\n<\/ul>\n<p><span style=\"font-size: 16px;\"><strong><\/strong><\/span><\/p>\n<p>[\/et_pb_blurb][\/et_pb_column][\/et_pb_row][\/et_pb_section]<\/p>\n","protected":false},"excerpt":{"rendered":"<p>2026 European Heritage DaysTHE annual heritage event in EuropeSaturday 19 and Sunday 20 september 2026As it does every year, the Ch\u00e2teau de Kerouz\u00e9r\u00e9 is participating in the European Heritage Days on the weekend of September 19\u201320, 2026, by offering continuous guided tours. On the agenda for the 2026 Heritage Days: \ud83d\udde3\ufe0fOngoing tour commentary provided by [&hellip;]<\/p>\n","protected":false},"author":2,"featured_media":0,"parent":0,"menu_order":0,"comment_status":"closed","ping_status":"closed","template":"","meta":{"_et_pb_use_builder":"on","_et_pb_old_content":"","_et_gb_content_width":"","footnotes":""},"class_list":["post-2711","page","type-page","status-publish","hentry"],"_links":{"self":[{"href":"https:\/\/kerouzere.fr\/en\/wp-json\/wp\/v2\/pages\/2711","targetHints":{"allow":["GET"]}}],"collection":[{"href":"https:\/\/kerouzere.fr\/en\/wp-json\/wp\/v2\/pages"}],"about":[{"href":"https:\/\/kerouzere.fr\/en\/wp-json\/wp\/v2\/types\/page"}],"author":[{"embeddable":true,"href":"https:\/\/kerouzere.fr\/en\/wp-json\/wp\/v2\/users\/2"}],"replies":[{"embeddable":true,"href":"https:\/\/kerouzere.fr\/en\/wp-json\/wp\/v2\/comments?post=2711"}],"version-history":[{"count":2,"href":"https:\/\/kerouzere.fr\/en\/wp-json\/wp\/v2\/pages\/2711\/revisions"}],"predecessor-version":[{"id":2713,"href":"https:\/\/kerouzere.fr\/en\/wp-json\/wp\/v2\/pages\/2711\/revisions\/2713"}],"wp:attachment":[{"href":"https:\/\/kerouzere.fr\/en\/wp-json\/wp\/v2\/media?parent=2711"}],"curies":[{"name":"wp","href":"https:\/\/api.w.org\/{rel}","templated":true}]}}

<p>[et_pb_section fb_built=&#8221;1&#8243; admin_label=&#8221;Hero&#8221; _builder_version=&#8221;4.25.1&#8243; _module_preset=&#8221;74c69059-8e69-4122-b1e6-dfeabf6c5711&#8243; background_color=&#8221;RGBA(255,255,255,0)&#8221; background_enable_image=&#8221;off&#8221; custom_margin=&#8221;||23px|||&#8221; custom_padding=&#8221;30px||0px||false|false&#8221; bottom_divider_height=&#8221;7vw&#8221; bottom_divider_flip=&#8221;horizontal&#8221; locked=&#8221;off&#8221; collapsed=&#8221;on&#8221; global_colors_info=&#8221;{}&#8221;][et_pb_row _builder_version=&#8221;4.25.1&#8243; _module_preset=&#8221;5138c454-be54-4233-bd3b-f8e6a8747976&#8243; custom_padding=&#8221;2px||0px|||&#8221; custom_css_main_element=&#8221;text-align:center;&#8221; locked=&#8221;off&#8221; global_colors_info=&#8221;{}&#8221;][et_pb_column type=&#8221;4_4&#8243; _builder_version=&#8221;4.16&#8243; _module_preset=&#8221;73121f80-a3ef-4484-8763-c3f18e3c56d2&#8243; global_colors_info=&#8221;{}&#8221;][et_pb_text _builder_version=&#8221;4.27.6&#8243; _module_preset=&#8221;default&#8221; header_text_align=&#8221;center&#8221; header_text_color=&#8221;#0F404C&#8221; global_colors_info=&#8221;{}&#8221;]</p>
<h1>2026 European Heritage Days</h1>
<p>[/et_pb_text][/et_pb_column][/et_pb_row][et_pb_row _builder_version=&#8221;4.25.1&#8243; _module_preset=&#8221;5138c454-be54-4233-bd3b-f8e6a8747976&#8243; custom_padding=&#8221;2px||0px|||&#8221; custom_css_main_element=&#8221;text-align:center;&#8221; locked=&#8221;off&#8221; global_colors_info=&#8221;{}&#8221;][et_pb_column type=&#8221;4_4&#8243; _builder_version=&#8221;4.16&#8243; _module_preset=&#8221;73121f80-a3ef-4484-8763-c3f18e3c56d2&#8243; global_colors_info=&#8221;{}&#8221;][et_pb_text _builder_version=&#8221;4.25.1&#8243; _module_preset=&#8221;default&#8221; text_font_size=&#8221;15px&#8221; header_text_align=&#8221;center&#8221; header_text_color=&#8221;#0F404C&#8221; header_font_size=&#8221;36px&#8221; header_2_font=&#8221;||on||||||&#8221; header_2_text_align=&#8221;center&#8221; header_2_font_size=&#8221;33px&#8221; min_height=&#8221;40px&#8221; global_colors_info=&#8221;{}&#8221;]</p>
<h2>THE annual heritage event in Europe</h2>
<p>[/et_pb_text][/et_pb_column][/et_pb_row][et_pb_row _builder_version=&#8221;4.25.1&#8243; _module_preset=&#8221;5138c454-be54-4233-bd3b-f8e6a8747976&#8243; custom_padding=&#8221;2px||0px|||&#8221; custom_css_main_element=&#8221;text-align:center;&#8221; locked=&#8221;off&#8221; global_colors_info=&#8221;{}&#8221;][et_pb_column type=&#8221;4_4&#8243; _builder_version=&#8221;4.16&#8243; _module_preset=&#8221;73121f80-a3ef-4484-8763-c3f18e3c56d2&#8243; global_colors_info=&#8221;{}&#8221;][et_pb_text _builder_version=&#8221;4.27.6&#8243; _module_preset=&#8221;default&#8221; text_font_size=&#8221;21px&#8221; header_text_align=&#8221;center&#8221; header_text_color=&#8221;#0F404C&#8221; header_font_size=&#8221;36px&#8221; header_2_font=&#8221;||on||||||&#8221; header_2_text_align=&#8221;center&#8221; header_2_font_size=&#8221;33px&#8221; header_3_font_size=&#8221;18px&#8221; min_height=&#8221;40px&#8221; global_colors_info=&#8221;{}&#8221;]</p>
<p style="text-align: center;"><strong>Saturday 19 and Sunday 20 september 2026</strong></p>
<p>[/et_pb_text][/et_pb_column][/et_pb_row][/et_pb_section][et_pb_section fb_built=&#8221;1&#8243; admin_label=&#8221;Text&#8221; module_id=&#8221;opening hours&#8221; _builder_version=&#8221;4.25.1&#8243; _module_preset=&#8221;default&#8221; custom_padding=&#8221;29px|||||&#8221; locked=&#8221;off&#8221; collapsed=&#8221;on&#8221; global_colors_info=&#8221;{}&#8221;][et_pb_row column_structure=&#8221;1_2,1_2&#8243; use_custom_gutter=&#8221;on&#8221; make_equal=&#8221;on&#8221; _builder_version=&#8221;4.25.1&#8243; _module_preset=&#8221;5138c454-be54-4233-bd3b-f8e6a8747976&#8243; custom_margin=&#8221;||10px||false|false&#8221; custom_padding=&#8221;0px|||||&#8221; global_colors_info=&#8221;{}&#8221;][et_pb_column type=&#8221;1_2&#8243; _builder_version=&#8221;4.25.1&#8243; _module_preset=&#8221;73121f80-a3ef-4484-8763-c3f18e3c56d2&#8243; custom_padding=&#8221;||||true|true&#8221; global_colors_info=&#8221;{}&#8221;][et_pb_blurb title=&#8221;What is it?&#8221; content_max_width=&#8221;100%&#8221; _builder_version=&#8221;4.27.6&#8243; _module_preset=&#8221;default&#8221; header_level=&#8221;h2&#8243; header_font_size=&#8221;28px&#8221; custom_margin=&#8221;||-2px|||&#8221; custom_padding=&#8221;30px|20px|30px|20px|true|true&#8221; hover_enabled=&#8221;0&#8243; custom_css_blurb_title=&#8221;margin-bottom:20px&#8221; box_shadow_style=&#8221;preset1&#8243; box_shadow_color=&#8221;rgba(0,0,0,0.17)&#8221; global_colors_info=&#8221;{}&#8221; sticky_enabled=&#8221;0&#8243;]</p>
<p><em>As it does every year, the Château de Kerouzéré is participating in the European Heritage Days on the weekend of September 19–20, 2026, by offering continuous guided tours.</em></p>
<p><span style="text-decoration: underline;"></span></p>
<p><span style="text-decoration: underline;">On the agenda for the 2026 Heritage Days:</span></p>
<p>🗣️Ongoing <b>tour commentary</b> provided by the current owners of the Château de Kerouzéré.</p>
<p>👉The admission ticket grants access to the <strong>park</strong>, the <strong>château</strong>, and the <strong>temporary exhibition</strong> &#8220;Pablo Picasso: Intersecting Destinies.&#8221;</p>
<p>🔓<b>Private rooms </b>will be <strong>exceptionally open </strong>over the weekend, allowing you to better envision what château life at Kerouzéré is like today—including the <strong>private drawing room</strong>, open for only the <strong>second time</strong> in the château&#8217;s history.</p>
<p>💶As the Château de Kerouzéré is a privately owned monument whose maintenance has been funded solely by its own revenue for the past three years, we will continue to charge an <strong>admission fee</strong> during Heritage Days, as we do every year (see the &#8220;Rates&#8221; section below).</p>
<p>&nbsp;</p>
<p>[/et_pb_blurb][/et_pb_column][et_pb_column type=&#8221;1_2&#8243; _builder_version=&#8221;4.25.1&#8243; _module_preset=&#8221;73121f80-a3ef-4484-8763-c3f18e3c56d2&#8243; background_enable_image=&#8221;off&#8221; custom_padding=&#8221;||||true|true&#8221; global_colors_info=&#8221;{}&#8221;][et_pb_image src=&#8221;https://kerouzere.fr/wp-content/uploads/2026/08/JEP_affiche-_A4-scaled.jpg&#8221; alt=&#8221;Affiche-JEP-2026&#8243; title_text=&#8221;JEP-Affiche-A4&#8243; _builder_version=&#8221;4.27.6&#8243; _module_preset=&#8221;default&#8221; global_colors_info=&#8221;{}&#8221;][/et_pb_image][/et_pb_column][/et_pb_row][et_pb_row column_structure=&#8221;1_2,1_2&#8243; use_custom_gutter=&#8221;on&#8221; _builder_version=&#8221;4.25.1&#8243; _module_preset=&#8221;5138c454-be54-4233-bd3b-f8e6a8747976&#8243; custom_padding=&#8221;0px||0px|||&#8221; global_colors_info=&#8221;{}&#8221;][et_pb_column type=&#8221;1_2&#8243; _builder_version=&#8221;4.25.1&#8243; _module_preset=&#8221;73121f80-a3ef-4484-8763-c3f18e3c56d2&#8243; custom_padding=&#8221;||||true|true&#8221; global_colors_info=&#8221;{}&#8221;][et_pb_image src=&#8221;https://kerouzere.fr/wp-content/uploads/2024/05/trait-dore-4x.png&#8221; alt=&#8221;dore line-4x&#8221; title_text=&#8221;dore line-4x&#8221; _builder_version=&#8221;4.25.1&#8243; _module_preset=&#8221;c111bde7-f442-4e9f-b749-6d33d4a161aa&#8221; global_colors_info=&#8221;{}&#8221;][/et_pb_image][et_pb_blurb title=&#8221;Visiting hours&#8221; content_max_width=&#8221;100%&#8221; _builder_version=&#8221;4.27.6&#8243; _module_preset=&#8221;default&#8221; header_level=&#8221;h1&#8243; custom_margin=&#8221;40px||40px||false|false&#8221; custom_padding=&#8221;30px|20px|30px|20px|true|true&#8221; custom_css_blurb_title=&#8221;margin-bottom:20px&#8221; box_shadow_style=&#8221;preset1&#8243; box_shadow_color=&#8221;rgba(0,0,0,0.17)&#8221; global_colors_info=&#8221;{}&#8221;]</p>
<ul>
<li><strong>Saturday 19 September</strong>
<ul>
<li>from 10:30 a.m. to 12:30 p.m. and from 2 p.m. to 5 p.m.<strong></strong></li>
</ul>
</li>
<li><strong>Sunday 20 September</strong>
<ul>
<li>from 10:30 a.m. to 12:30 p.m. and from 2 p.m. to 6 p.m.</li>
</ul>
</li>
</ul>
<p>[/et_pb_blurb][/et_pb_column][et_pb_column type=&#8221;1_2&#8243; _builder_version=&#8221;4.25.1&#8243; _module_preset=&#8221;73121f80-a3ef-4484-8763-c3f18e3c56d2&#8243; custom_padding=&#8221;||||true|true&#8221; global_colors_info=&#8221;{}&#8221;][et_pb_image src=&#8221;https://kerouzere.fr/wp-content/uploads/2024/05/trait-dore-4x.png&#8221; alt=&#8221;dore line-4x&#8221; title_text=&#8221;dore line-4x&#8221; _builder_version=&#8221;4.25.1&#8243; _module_preset=&#8221;c111bde7-f442-4e9f-b749-6d33d4a161aa&#8221; global_colors_info=&#8221;{}&#8221;][/et_pb_image][et_pb_blurb title=&#8221;Pricing&#8221; content_max_width=&#8221;100%&#8221; _builder_version=&#8221;4.27.6&#8243; _module_preset=&#8221;default&#8221; header_level=&#8221;h1&#8243; header_text_align=&#8221;left&#8221; body_text_align=&#8221;left&#8221; width_tablet=&#8221;&#8221; width_phone=&#8221;&#8221; width_last_edited=&#8221;on|desktop&#8221; module_alignment=&#8221;left&#8221; min_height=&#8221;196.8px&#8221; custom_margin=&#8221;40px||40px||false|false&#8221; custom_padding=&#8221;30px|20px|30px|20px|true|true&#8221; custom_css_blurb_title=&#8221;margin-bottom:20px&#8221; box_shadow_style=&#8221;preset1&#8243; box_shadow_color=&#8221;rgba(0,0,0,0.17)&#8221; global_colors_info=&#8221;{}&#8221;]</p>
<ul>
<li><span style="font-size: 16px;">Ages 16 and + : 10€ </span></li>
<li>7 &#8211; 15 years old : 8€</li>
<li>4 &#8211; 6 years old : 5€</li>
<li>Disabled : 5€</li>
</ul>
<p><span style="font-size: 16px;"><strong></strong></span></p>
<p>[/et_pb_blurb][/et_pb_column][/et_pb_row][/et_pb_section]</p>

<p>2026 European Heritage DaysTHE annual heritage event in EuropeSaturday 19 and Sunday 20 september 2026As it does every year, the Château de Kerouzéré is participating in the European Heritage Days on the weekend of September 19–20, 2026, by offering continuous guided tours. On the agenda for the 2026 Heritage Days: 🗣️Ongoing tour commentary provided by [&hellip;]</p>
